 - -11)).
-28
What is -18 - (-2 - -6) - -13?
-9
Calculate -2 - -10 - 2 - ((-19 - -28) + -12).
9
-1 + (2 - 11 - -5) - 2
-7
Evaluate (-15 + 12 + 23 - 14) + 3.
9
Evaluate -10 - (3 + -1 + (31 - 13 - 26)).
-4
What is 40 - 28 - (11 - (7 + -3))?
5
Evaluate -6 - -2 - (-1 + -4 + -5 + -1).
7
Evaluate 293 - 287 - (0 + 14).
-8
What is (1 - (-3 - 2)) + (5 - 7)?
4
What is 19 - (33 - 19 - -10)?
-5
4 + (-13 - -20) + -23
-12
(6 - -6 - (-4 - (0 - 12))) + -1
3
Evaluate -3 + (7 - 0) + (-26 - -27) - 19.
-14
Calculate -42 + 19 - -33 - (-1 + -2).
13
What is 0 - (-11 + (-40 + 36 - (-1 - 3)))?
11
What is the value of 4 + -16 + (26 - 6) + 21?
29
Evaluate 17 + (-24 + -13 - -29).
9
What is the value of -4 + 10 + -7 + -15 + 46?
30
What is the value of 24 + -81 + 33 + 13?
-11
Calculate 2 - 6 - (-29 + 29) - 0.
-4
(1 - 1) + (-1 - (-15 + 25))
-11
Calculate -13 - 1 - 15 - -9.
-20
Calculate 1 + (20 - (19 + -10)) + -23.
-11
What is 7 - ((14 - 49) + 24)?
18
Calculate -6 + ((9 - 15) + (7 - 1) - -2).
-4
Calculate (9 - 4) + -7 - (-14 + 5) - 29.
-22
What is the value of 4 + -8 + 2 + (1 - -12)?
11
9 - (-2 - (25 - 35))
1
What is 2 - (13 + (0 - -5) - (5 - 1))?
-12
Calculate 1 - -10 - -1 - 13 - -13.
12
What is the value of -5 - (4 - -13) - 0?
-22
40 + -23 + -18 + 11 + 1
11
What is the value of -11 + -2 + -15 - -29?
1
Calculate -9 - ((-33 - -59) + -31).
-4
(1 - -11) + (211 - 242)
-19
What is the value of ((0 - -7) + -7 - (0 + 6)) + 3?
-3
What is (23 - -50 - 45) + -16?
12
What is (-7 - (12 - (8 - -4))) + (34 - -1)?
28
Calculate 4 + (-13 - (-7 + 1 - -10)).
-13
What is the value of -3 + (3 - (-4 - (-2 + 5 - 15)))?
-8
Calculate (1 - (0 + 0)) + 5 + (-3 - 17).
-14
Calculate 0 + ((16 - 4) + -1 - (15 + -16)).
12
What is 4 + (-5 - 1) + 3 - 2?
-1
7 - ((-21 + 14 - -8) + (1 - 2))
7
What is 1 + 1 + 18 + (12 + -1 - 18)?
13
Evaluate (-13 - -45) + -99 + 54.
-13
-1 + 2 + 8 + (-7 - -10 - 3)
9
What is the value of -9 + (-13 - -26) + (4 - 0)?
8
What is the value of 1 + 3 + -3 - (21 + -24) - 24?
-20
Evaluate 34 + 0 - (2356 - 2293).
-29
Calculate -5 + 3 - (13 - 17).
2
What is 0 - -7 - (42 - 8 - 12)?
-15
Calculate 2 - (0 - (10 + -1 + (-7 - 34))).
-30
What is (5 - 39) + -183 + 191?
-26
Evaluate -20 + (-8 - -20) + 17 - 9.
0
(7 + -32 - -61) + 0
36
Calculate (13 - (0 + 21 + 2)) + 7.
-3
7 + (-1 - 3) + -5 - (-23 + 29)
-8
Evaluate -5 - (0 - (9 - (-2 - -14) - 1)).
-9
Evaluate -54 - -33 - (-16 + 5).
-10
Calculate -2 + -2 + (-4 - (-7 + 4 + 11)).
-16
Evaluate -19 + (-9 - -6) + (-5 - (-3 + -4)).
-20
Evaluate 10 - ((39 - (25 + -10)) + 0).
-14
What is the value of 2 + (8 - 0 - (-29 - -35))?
4
Evaluate 29 + (-21 - 29) + 15.
-6
-6 + -2 + 5 - 16 - -5
-14
Evaluate (4 - (9 - 7)) + -10 - 10.
-18
Evaluate (-23 - (-5 + -20)) + (-7 - -24).
19
What is the value of -17 + 4 + -23 + 28 + (0 - 2)?
-10
What is the value of 17 + -1 + (28 - 27) + 0?
17
-47 + 43 + -3 + 1 + 2
-4
What is 32 + -3 + -16 - (19 - 2)?
-4
What is the value of (-13 - (-34 - -82)) + 36?
-25
What is the value of 4 + -10 + 2 - (-7 - (5 - 0))?
8
Calculate (-4 - 11 - -21) + -39 + 3 + 0.
-30
2 + 2 + 0 + 173 + -171 - 9
-3
-5 - ((-3 - -8) + -5) - (-4 + 2)
-3
Evaluate 15 + -23 + -2 + 18 - 0.
8
What is the value of 14 - (15 - 2) - 9 - (17 + -2)?
-23
Evaluate 39 - 37 - 18 - 15.
-31
Calculate -1 + 5 + (2 - (26 - (1 - -11))).
-8
What is 3 + -2 + 0 + -2 + 9 + -7?
1
-14 - (-8 + 10 + -16)
0
Calculate -6 + 5 + -13 + 6 + (5 - 14).
-17
Calculate -232 + 231 - (-1 + (-1 - 0)).
1
What is (-10 - -1) + (1450 - 1472)?
-31
What is the value of -17 + (-2 - -10) + 5 + -19 + 5?
-18
27 + -13 + (-15 - -12)
11
Calculate (16 - 2) + 807 + -844.
-23
(23 - 7) + 6 + -22
0
Calculate -10 + -1 - ((1 - (-10 - -25)) + 9).
-6
Calculate -1 + (4 - 7) + -1 + 5 - 7.
-7
What is -16 + (14 - 11) - -2?
-11
-8 - (-12 - 12) - 10
6
What is -16 - (13 + (-16 - 5))?
-8
-35 + -8 + 168 + -116
9
6 + (2 - (-1 - -17))
-8
What is (-6 - (7 - (-8 - (2 - 20)))) + -5?
-8
-2 + 31 + -15 + -7 + -1
6
11 - (10 - (-5 + 9 + -8 + 7))
4
(12 - -4) + -29 - -25
12
What is 1 - (36 - (32 + 44))?
41
Evaluate -11 - (0 + 1) - (56 + -49).
-19
What is the value of 0 - (13 + -42 - (-3 + -4))?
22
What is the value of -42 + -2 + 30 + -16 + 2?
-28
What is the value of -13 + (-2 + 10 - -16) - -10?
21
What is the value of -303 + 288 + 2 + 0?
-13
Evaluate (14 - (3 - -1)) + (34 - 28).
16
Calculate -10 - (9 - 2 - 2).
-15
(-2 + -7 - -22) + 6 + 6
25
Calculate (-14 - 4) + 5 - 4.
-17
What is the value of (-141 - -143) + (8 - (-2 + 1))?
11
What is (2 - 19) + 25 + -22?
-14
-6 - 2 - (-153 - -158)
-13
Evaluate 12 + -12 + 21 - 33.
-12
What is 38 - 17 - (13 + 4)?
4
What is the value of 8 + -30 + 24 + -8?
-6
Evaluate (7 - 12) + (-16 - -8) + 20.
7
What is 17 + 3 + -2 - 10 - (3 - -4)?
1
What is the value of -18 + (16 - 35 - -44)?
7
What is the value of -9 - -17 - 11 - -16?
13
What is 6 + -20 + (16 - 4) - -27?
25
What is 48 - (27 - 9) - 48?
-18
What is the value of (31 - -18 - 24) + -41?
-16
What is -26 + (19 - 5) - -15?
3
What is the value of (7 + -10 - (1 + 4)) + -3 + 8?
-3
What is the value of (-8 - -6) + (-4 - -9)?
3
What is the value of (23 - 0) + -26 + 0 + -1 + 15?
11
What is 28 - (-2 + 17 + (-4 - 5 - -5))?
17
Calculate 4 + 22 + 2 + -14 + 6.
20
4 + -12 + 4 + -1
-5
Calculate 6 - ((-2 - -14) + 37 + -19).
-24
What is the value of -11 + 3 - (8 + (-8 - -4))?
-12
What is 35 + (-39 - -20) + -35?
-19
33 + -48 - (5 + -11)
-9
What is the value of (10 - (21 + -16 + 9)) + -9?
-13
What is (-3 - 3) + 11 - -9 - 8?
6
What is the value of 1 - 3 - (-8 + -11) - -18?
35
Evaluate 16 - (9 + (0 - 6 - 3) + -6).
22
What is the value of 2 + 13 + -6 - -1?
10
1692 + -1716 + (0 - -3)
-21
Calculate 269 + -264 + -1 + -1.
3
What is (13 + -21 - -12) + (0 - (3 + 4))?
-3
What is the value of (-43 - (5 + -36)) + 30?
18
Calculate 1 + -1 - (-5 - (-7 - 5)).
-7
What is the value of 27 - 10 - (13 - (33 - 16))?
21
Calculate 6 + (-45 - (-11 - -2)).
-30
-1 - -7 - (138 + -124)
-8
-24 - (-3 - -3) - -33
9
What is -10 - (3 - ((3 - 6) + 12 - 4))?
-8
Evaluate 3 - 2 - -1 - (1 - 4) - 19.
-14
What is (-5 - -14 - (2 + 4)) + (-3 - -4)?
4
Calculate 9 + -6 + -19 - -9.
-7
Calculate (-5 - -2) + (17 - -3) - 9.
8
What is -10 - (-8 - -17 - 6 - -3)?
-16
-234 - -249 - (19 - -1)
-5
Calculate 99 - 80 - (-1 - -19).
1
67 - 101 - (-60 + -2)
28
Calculate 21 - ((10 + -8 - (-1 + 3)) + 7).
14
What is the value of 14 + -10 + 4 + 6?
14
What is -33 - -55 - (32 + -20)?
10
(3 - -4 - (4 - -1)) + (14 - 12)
4
Calculate 0 + -1 + (6 - 2) + 396 + -400.
-1
Calculate 3 + (0 + 4 + (-15 - -4) - -5).
1
Evaluate -9 + (1 - 5) + 16.
3
12 + (20 + 0 - (72 + -59))
19
What is (-2 + -11 - 37) + 24?
-26
What is (-43 - (22 + -12)) + 30?
-23
What is 29 - -1 - (450 - 433)?
13
What is (396 - 391) + (-2 - (2 - 10))?
11
What is -8 - (2 - 67 - -42)?
15
0 + -12 + -55 + 61 - 4
-10
What is the value of 0 - (-3 + 0 + 1) - (-129 + 152)?
-21
What is the value of 166 - 146 - (2 + 11)?
7
What is the value of 25 + (-5 - (21 - 12))?
11
1 - ((10 - 7 - -7) + -7)
-2
-11 + -10 + 14 - 2
-9
What is 35 + -30 + 5 - (0 + 0)?
10
Calculate 14 + 22 + -78 + (1 - (-5 + 0)).
-36
Calculate 4 + 0 + -7 + 10 + -2 - -7.
12
(8 + 9 - (3 + -6)) + -6
14
-14 + (-5 - -14) + -12
-17
Evaluate (-11 - 18) + 12 - -1.
-16
What is -13 + (4 - -3) - (8 + 2)?
-16
Calculate 2 + (4 - 4) + -3 + (-5 - -11).
5
Evaluate (-52 - -62) + 5 + 11.
26
6 - 18 - (1 - 22 - -13)
-4
What is the value of 15 - (24 + -11 + (-9 - 0))?
11
What is 1 + (-21 - 2) + (18 - 14) + 2?
-16
Evaluate (-7 - -4 - (1 + 0)) + (9 - 3).
2
What is the value of (-53 - -44) + (2 - -2) + 4?
-1
(-203 - -203) + 4 + 11 + (-2 - -2)
15
-262 + 246 + (2 - 0)
-14
9 + 15 + -22 + 4
6
What is -8 + 2 + (3 - (-30 + 16 + -7))?
18
Evaluate 8 + -1 - (275 + -257).
-11
What is (110 - 88 - (-2 - 1)) + -10?
15
Evaluate -4 + (10 - 20) + 2 + (0 - -3).
-9
3 + 3 + -2 + 4
8
What is -35 + 16 - -18 - (7 - -1) - -30?
21
Evaluate (-5 - -10 - 5) + -1 + (22 - 17).
4
What is -53 + 46 - (-16 + -2 + 2)?
9
Evaluate -29 + -3 + 8 + -10 - (-32 + 28).
-30
What is 12 + 0 + -397 + 391?
6
Evaluate 1 + -15 + (504 - 492) - (2 + -8).
4
Evaluate (-9 + 3 - -5) + -1.
-2
Evaluate 6 + 0 - (-16 + 18 - -9) - -13.
8
-26 + 43 + (-12 + 7 - -7)
19
Evaluate 11 - (-29 + 41 + 2).
-3
-10 + -3 + -6 + 20
1
Evaluate 4 + (2 - -2) + -8.
0
What is the value of -23 + 12 + (8 - -6)?
3
What is -8 - (8 + 17 + -26)?
-7
What 